 b. Calculate the highest common factor of y and o.
5
Suppose -2*z + 2*m - 23 = z, -4*z - 28 = -4*m. Let g be z/15 - 23/(-5). What is the greatest common factor of g and 1?
1
Let b(q) = -3*q - 3. Let s be b(5). Let w be (-2)/(-6) - 48/s. Calculate the greatest common factor of 9 and w.
3
Let u = -1 + 6. Let c(p) = 4*p**3 - 3*p**2 + 1. Let r be c(-2). Let a = 93 + r. What is the highest common factor of a and u?
5
Let k = 0 - 0. Let i(l) = l**2 - l. Let s be i(-1). Let t = k + s. Calculate the highest common divisor of 5 and t.
1
Suppose -12 + 5 = k + 3*z, -13 = k + 5*z. Suppose k*i - 3*i + 5 = 0. Let w = -14 + 24. Calculate the greatest common factor of w and i.
5
Suppose 0 = -5*v + 267 + 368. Let p = v + -73. What is the highest common divisor of 6 and p?
6
Suppose -k - 11 = 5*f, 2*f = 3*k + 6*f - 11. Calculate the greatest common factor of 9 and k.
9
Suppose 35 = 3*y + 5*x, 5*y - 2*x - 2 = 15. Suppose -3*i - 8 = -y*i. Calculate the greatest common divisor of i and 4.
4
Let g = -40 + 68. What is the greatest common divisor of 308 and g?
28
Let v(i) = -23*i - 31. Let k be v(-3). Calculate the highest common factor of k and 304.
38
Let v be 15/60 + 671/4. Calculate the highest common divisor of v and 21.
21
Let s(n) = n + 12. Let v be s(-10). Let f be 0 - (1 - 6/v). Suppose -f*x + 4*t + 34 = -t, 0 = -x - 3*t + 39. What is the greatest common divisor of x and 18?
9
Suppose 19 + 25 = 2*h. Let z(u) = 3*u**2 - 2*u - 10. Let i be z(5). Calculate the greatest common factor of i and h.
11
Let k(a) = a**2 - 8*a + 10. Let d be k(7). Let u = 1 + d. Calculate the highest common divisor of u and 32.
4
Let x = 233 - 105. What is the greatest common factor of 16 and x?
16
Suppose -17 = -4*g - 5. Let x = 7 - g. Suppose -29 = -x*f + 7. Calculate the highest common factor of f and 9.
9
Let g be (-30)/(-1)*(-5)/(-10). What is the greatest common factor of 120 and g?
15
Let r(o) = -4*o - 3. Let f = -5 - -3. Let k be r(f). Let g = 20 - k. Calculate the highest common divisor of g and 5.
5
Suppose 23 = 3*j - 5*b - 16, -2*b + 34 = 5*j. What is the greatest common factor of j and 1?
1
Suppose 0 = -3*d + 240 - 36. Suppose -5*t = -4*z - 78, -4*z = 5*t - 3*z - d. Calculate the greatest common divisor of t and 112.
14
Let a = 73 - 8. Suppose 6*j - j - a = 0. What is the highest common factor of 143 and j?
13
Let o(y) = -y**3 + 6*y**2 + 8*y + 10. Let a be o(7). Suppose 278 = -4*t + 686. What is the greatest common divisor of a and t?
17
Suppose m = -14 + 22. Suppose 3*o = 8*o - 10. Let r be o - 2 - 1 - -89. What is the greatest common factor of m and r?
8
Let p be (18/27)/(2*(-1)/(-30)). What is the greatest common divisor of p and 2?
2
Let t(n) be the second derivative of n**3 + 2*n**2 + 8*n. Let c be t(3). Calculate the greatest common divisor of 2 and c.
2
Let t(w) = -2*w - 12. Let f = -25 + 17. Let z be t(f). Suppose -10 + 70 = z*j. What is the greatest common divisor of j and 75?
15
Let o be 16/(-1)*(-2)/4. Suppose -4*u + 138 - 130 = 0. Calculate the highest common factor of u and o.
2
Let u = -2 - -2. Let g(p) = 2*p**2 + 3*p. Let q be g(-2). Suppose 2*d + q*d - 220 = u. What is the greatest common factor of d and 22?
11
Let p(l) = l**3 + 14*l**2 - 15*l + 2. Let r be p(-15). Suppose 10 = -s + 5*s - 2*w, -4*w = -5*s + 14. Calculate the greatest common factor of r and s.
2
Let g = 9 - 8. Let n = g + 4. Calculate the greatest common factor of 15 and n.
5
Let l = 7 + -11. Let q be (-1)/(-3)*0 - l. Suppose -16 = -q*w + 80. What is the highest common factor of w and 60?
12
Let r be (-111)/(-4) + 2/8. Let z be 2/7 - (-4304)/r. What is the highest common divisor of z and 14?
14
Suppose 7*p = 314 + 71. Let i = -24 + 46. Calculate the highest common divisor of p and i.
11
Suppose a = -1 + 5. Let d be 6/(-4)*(-48 - -2). Suppose -d + 5 = -2*z. What is the highest common factor of z and a?
4
Let q(g) = -g**2. Let t(p) = 7*p**2 - p + 30. Let u(b) = 6*q(b) + t(b). Suppose 3*z - 6*z = 0. Let m be u(z). What is the greatest common factor of 20 and m?
10
Let x be 26/8 + 4/(-16). Suppose j = -4*j + 5, -j = a - x. Calculate the highest common divisor of 2 and a.
2
Let p be 5*(15*2)/(-3). Let x = -35 - p. Let f(d) = -6*d + 3. Let r be f(-2). Calculate the greatest common divisor of r and x.
15
Let u(p) = -p**2 + 13*p + 8. Let x be u(10). Let j = x + -26. What is the greatest common divisor of 48 and j?
12
Let t = 5 - 0. Suppose 0 = -t*v - 4 + 264. Suppose u - v = -2*c, 2*u = 6 - 2. Calculate the highest common divisor of 10 and c.
5
Let b = -146 + 179. Calculate the highest common divisor of 11 and b.
11
Suppose -4*n + 4*v = -408, -n - 3*n - 4*v + 424 = 0. What is the greatest common divisor of 13 and n?
13
Let x(h) = 3*h**3 - 5*h**2 + h - 7. Let m be x(5). Let s = 134 + -286. Let c = m + s. Calculate the greatest common factor of 12 and c.
12
Let t(k) = -5*k + 30. Let f be t(-15). What is the highest common factor of 15 and f?
15
Let l be 5/6*-2*-3. Suppose -l*a = -52 + 7. What is the highest common factor of a and 1?
1
Suppose 3*y = -y + 16. Suppose 0 = y*g - 3*i - 37, -i + 3 = g - 1. Suppose -l + 41 = -15. Calculate the highest common divisor of l and g.
7
Let u be -2 - (0/2 + -123). Let o(i) = -3*i + 4 + 1 - 6. Let y be o(-4). Calculate the highest common factor of y and u.
11
Let v(m) = m + 5 - 5*m + 3*m. Let s be v(7). Let q(f) = -4*f**3 + 2*f - 1. Let r be q(s). Calculate the greatest common factor of r and 3.
3
Suppose -w - 11 = -5*u - 0, 0 = 5*w - u - 17. Suppose 74 = 2*s + w*n, -s + 4*n = -4*s + 113. Calculate the highest common divisor of 13 and s.
13
Let f be (-4 - 0)/(-1) - -2. Let g be (-204)/(-119)*(-14)/(-4). What is the highest common divisor of f and g?
6
Suppose j = 2*g - 52, 3*g = -2*j + 33 + 38. What is the highest common factor of 25 and g?
25
Let r(b) = -2*b**3 - b**2 + b - 4. Let l be r(3). Let a = 26 - l. Suppose 4*q + 30 = 7*q. What is the highest common factor of a and q?
10
Let i be 40/6*(7 + -1). Let p be ((-10)/3)/(12/(-36)). What is the highest common divisor of i and p?
10
Let r be -45*(-1 - (-6)/9). Let j be (0 + -9)*(-80)/r. What is the highest common divisor of 6 and j?
6
Suppose 0 = -4*b + 3*b + 8. Calculate the greatest common divisor of 2 and b.
2
Let s be (16/(-6))/(3/(-18)). Calculate the greatest common factor of s and 2.
2
Let h(j) = j**3 - 8*j**2 + 13*j + 11. Let c be h(5). Calculate the highest common factor of 35 and c.
1
Suppose -b + 2*b = -g - 40, -b = -2*g - 89. Let c = -22 - g. Let a be 6/c - (-206)/14. What is the greatest common divisor of a and 6?
3
Let l = 295 - 152. What is the greatest common divisor of l and 13?
13
Let f be 10/55 + 1934/11. Let g = 22 + -6. Calculate the greatest common divisor of f and g.
16
Let o(g) = -21*g - 4. Let s be o(-2). Suppose 0 = 5*t - 257 - 28. Calculate the greatest common divisor of s and t.
19
Suppose 5*a - 14 = 1. Suppose -5*u = -2*z - 76, 0 = 5*u + 4*z - a*z - 67. What is the highest common factor of u and 126?
14
Let w = -253 - -357. Suppose -2*u + 4*n + 6 = -n, -2*n + 34 = 2*u. Calculate the highest common factor of u and w.
13
Let d(x) = 5*x. Let y be d(1). Suppose -168 = -y*q + 512. Suppose 0 = -3*t - 0*t + 51. What is the greatest common factor of t and q?
17
Let g(u) = u - 3. Let a be g(0). Let h be 51 - (6 + a + -6). Calculate the greatest common divisor of 6 and h.
6
Suppose -2*g + 0*g - 3*f = 7, 2*g - 2*f - 8 = 0. Let n = g - -1. Suppose o + 20 = n*o. What is the highest common factor of 8 and o?
4
Suppose 4*z = 5*j + 3*z - 155, 0 = -j - 2*z + 42. Suppose 2 = 2*q, 5*d = 2*d + q + j. Let c be -2*9/(-6)*d. Calculate the highest common divisor of 22 and c.
11
Let h = -6 - -8. Let v be 1/2 - (-21)/h. Calculate the greatest common divisor of v and 77.
11
Let c(w) = -w**2 - 18*w + 16. Let m be c(-18). Calculate the highest common factor of m and 16.
16
Let n be (-30)/(-9)*9/(-6). Let g be (-1)/2*(15 + n). Let u(w) = -w**3 - 5*w**2 - 3*w - 6. Let h be u(g). Calculate the highest common divisor of h and 18.
9
Let y = 36 + -29. Let t be 8*((-7)/4)/(-1). Calculate the highest common divisor of y and t.
7
Let l = 10 + -5. Let w(m) = 5*m**2 + 2 + 1 - m - 4*m**2 + l*m**3. Let y be w(3). What is the highest common factor of y and 16?
16
Suppose -233 = 5*z - 18. Let m = z - -77. Let n = -16 + m. Wha